1666 and 686.
98
Calculate the greatest common factor of 2703 and 477.
159
Calculate the highest common factor of 84 and 5100.
12
What is the greatest common factor of 2975 and 1750?
175
What is the highest common factor of 12 and 102?
6
Calculate the highest common divisor of 365 and 2555.
365
What is the greatest common divisor of 273 and 2520?
21
What is the highest common factor of 32 and 40?
8
What is the highest common factor of 99 and 1221?
33
What is the greatest common divisor of 552 and 648?
24
What is the highest common divisor of 14852 and 188?
188
What is the greatest common divisor of 315 and 225?
45
What is the highest common factor of 8057 and 21?
7
Calculate the highest common divisor of 176 and 418.
22
What is the greatest common factor of 12 and 228?
12
Calculate the highest common divisor of 104 and 676.
52
What is the highest common divisor of 102 and 3604?
34
Calculate the highest common divisor of 5061 and 21.
21
What is the highest common divisor of 125 and 655?
5
What is the greatest common divisor of 707 and 303?
101
Calculate the highest common factor of 56 and 200.
8
Calculate the highest common divisor of 3075 and 25.
25
What is the greatest common factor of 100 and 425?
25
What is the greatest common factor of 12 and 2220?
12
Calculate the highest common divisor of 11008 and 1792.
256
Calculate the highest common factor of 11058 and 456.
114
What is the highest common factor of 16 and 52?
4
Calculate the greatest common divisor of 468 and 5328.
36
Calculate the greatest common divisor of 2400 and 96.
96
What is the highest common divisor of 33 and 825?
33
What is the highest common divisor of 51 and 4624?
17
Calculate the greatest common factor of 4 and 6.
2
Calculate the highest common factor of 52 and 468.
52
Calculate the greatest common divisor of 114 and 57.
57
Calculate the greatest common factor of 36 and 8.
4
Calculate the highest common divisor of 243 and 9.
9
What is the greatest common divisor of 63 and 63?
63
Calculate the greatest common divisor of 21 and 7.
7
What is the greatest common factor of 328 and 8?
8
What is the greatest common divisor of 120 and 3840?
120
What is the highest common factor of 3201 and 132?
33
What is the highest common divisor of 168 and 357?
21
What is the greatest common factor of 3151 and 23?
23
Calculate the highest common divisor of 1161 and 108.
27
What is the greatest common divisor of 7 and 37?
1
What is the greatest common divisor of 8591 and 66?
11
Calculate the greatest common factor of 2 and 338.
2
What is the greatest common factor of 120 and 130?
10
Calculate the greatest common divisor of 125 and 13225.
25
What is the greatest common factor of 567 and 21?
21
What is the greatest common divisor of 12992 and 64?
64
Calculate the greatest common divisor of 1425 and 57.
57
Calculate the greatest common divisor of 980 and 28.
28
Calculate the highest common factor of 309 and 60873.
309
What is the greatest common factor of 46 and 414?
46
What is the greatest common divisor of 86 and 60974?
86
What is the greatest common factor of 2220 and 600?
60
What is the greatest common factor of 93 and 6?
3
Calculate the greatest common factor of 52 and 7631.
13
What is the highest common divisor of 156 and 1365?
39
Calculate the highest common factor of 36 and 2448.
36
What is the greatest common divisor of 87 and 4002?
87
What is the greatest common divisor of 6 and 170?
2
What is the greatest common divisor of 434 and 155?
31
Calculate the greatest common divisor of 76 and 133.
19
Calculate the highest common divisor of 527 and 799.
17
Calculate the highest common divisor of 140 and 406.
14
Calculate the greatest common divisor of 27 and 909.
9
Calculate the greatest common factor of 196 and 28.
28
What is the greatest common divisor of 11 and 12287?
11
What is the highest common factor of 10070 and 19?
19
What is the highest common factor of 10 and 810?
10
What is the greatest common factor of 5412 and 36?
12
What is the greatest common factor of 452 and 4?
4
What is the greatest common factor of 171 and 27?
9
Calculate the greatest common factor of 31 and 62.
31
Calculate the greatest common factor of 125 and 5.
5
Calculate the greatest common factor of 14 and 29470.
14
What is the highest common factor of 6 and 11643?
3
What is the greatest common factor of 171 and 207?
9
What is the greatest common divisor of 296 and 1392?
8
Calculate the greatest common divisor of 2189 and 55.
11
What is the greatest common divisor of 39 and 4706?
13
Calculate the highest common factor of 4 and 2718.
2
What is the highest common divisor of 275 and 11?
11
Calculate the highest common divisor of 78 and 8658.
78
Calculate the greatest common factor of 165 and 66.
33
What is the highest common factor of 94 and 2?
2
Calculate the highest common divisor of 30 and 20.
10
Calculate the highest common factor of 112 and 588.
28
Calculate the highest common divisor of 30 and 150.
30
Calculate the highest common factor of 783 and 29.
29
Calculate the highest common factor of 123 and 861.
123
Calculate the greatest common divisor of 1718 and 2.
2
What is the greatest common factor of 120 and 160?
40
Calculate the greatest common divisor of 1380 and 860.
20
Calculate the highest common factor of 5 and 1735.
5
What is the highest common divisor of 3718 and 22?
22
Calculate the highest common divisor of 208 and 533.
13
What is the greatest common divisor of 1680 and 21?
21
What is the greatest common factor of 513 and 7?
1
Calculate the highest common divisor of 861 and 294.
21
Calculate the greatest common factor of 83 and 2241.
83
Calculate the greatest common factor of 30 and 456.
6
What is the greatest common factor of 589 and 93?
31
What is the greatest common divisor of 17893 and 29?
29
What is the greatest common factor of 248 and 1116?
124
Calculate the greatest common divisor of 82 and 2.
2
What is the highest common factor of 429 and 195?
39
What is the highest common factor of 628 and 34226?
314
Calculate the greatest common factor of 2466 and 18.
18
What is the highest common factor of 474 and 258?
6
What is the greatest common factor of 371 and 265?
53
Calculate the greatest common factor of 16 and 464.
16
What is the greatest common factor of 300 and 22650?
150
What is the highest common divisor of 19 and 931?
19
What is the greatest common divisor of 1544 and 4825?
193
Calculate the greatest common divisor of 54 and 8.
2
What is the greatest common divisor of 25564 and 11?
11
Calculate the highest common divisor of 46 and 943.
23
What is the highest common divisor of 52 and 236?
4
Calculate the greatest common divisor of 455 and 12649.
91
Calculate the greatest common divisor of 682 and 558.
62
Calculate the greatest common divisor of 102 and 78.
6
Calculate the greatest common divisor of 4 and 254.
2
Calculate the highest common factor of 43 and 3397.
43
What is the greatest common factor of 28 and 350?
14
Calculate the greatest common factor of 155 and 62.
31
What is the highest common factor of 6 and 174?
6
Calculate the greatest common divisor of 3263 and 182.
13
What is the greatest common factor of 4128 and 20?
4
Calculate the greatest common divisor of 30 and 410.
10
What is the greatest common divisor of 357 and 21?
21
Calculate the highest common divisor of 350 and 100.
50
What is the greatest common divisor of 825 and 1265?
55
Calculate the highest common factor of 170 and 100.
10
What is the greatest common factor of 44 and 6776?
44
What is the highest common factor of 2 and 110?
2
What is the greatest common factor of 6609 and 3?
3
What is the greatest common factor of 266 and 36442?
266
Calculate the highest common divisor of 91 and 14.
7
What is the highest common divisor of 51 and 7956?
51
What is the greatest common divisor of 183 and 6?
3
Calculate the greatest common divisor of 7 and 7.
7
What is the highest common divisor of 626 and 54?
2
What is the greatest common divisor of 39 and 1131?
39
Calculate the highest common divisor of 36 and 558.
18
What is the highest common factor of 7 and 3?
1
Calculate the highest common factor of 75 and 1425.
75
What is the highest common divisor of 1072 and 67?
67
Calculate the highest common divisor of 288 and 9.
9
What is th